s 6616 + 3?
6620
In base 10, what is -1 - -545?
544
In base 10, what is -3 - 33?
-36
In base 15, what is -92 + 1e?
-73
In base 12, what is 2 + -609?
-607
In base 5, what is 10 + -142?
-132
In base 7, what is -5 - 1?
-6
In base 4, what is 1 - -1202?
1203
In base 9, what is -618 - 4?
-623
In base 16, what is 4 + 2b?
2f
In base 2, what is 10111110 + 0?
10111110
In base 3, what is 1011 + -102212?
-101201
In base 6, what is 21 - 3?
14
In base 13, what is 4 + c3?
c7
In base 8, what is -36 - 26?
-64
In base 13, what is 11b - 5?
116
In base 9, what is 185 - 2?
183
In base 6, what is -31333 - 3?
-31340
In base 11, what is 2 + -312?
-310
In base 16, what is 5 + 35?
3a
In base 11, what is -a + 34?
25
In base 13, what is -881 + -2?
-883
In base 6, what is -1012 + 2?
-1010
In base 13, what is 6 - 11?
-8
In base 5, what is 1402 + 133?
2040
In base 10, what is 716 + -13?
703
In base 16, what is 3 - -27f?
282
In base 12, what is -4 - 2b6?
-2ba
In base 3, what is -1 - 22?
-100
In base 12, what is 3 - 462?
-45b
In base 9, what is -2 + 174?
172
In base 6, what is 13103 - 3?
13100
In base 10, what is 2 + 1825?
1827
In base 8, what is -56 + 50?
-6
In base 7, what is 5 + 110?
115
In base 6, what is -11 + -2320?
-2331
In base 8, what is 3 + -66?
-63
In base 4, what is 11 + -210321?
-210310
In base 11, what is 4 - -207?
210
In base 11, what is 104 - 4?
100
In base 9, what is 4738 + 0?
4738
In base 16, what is 2 - -5e?
60
In base 11, what is -5 - 691?
-696
In base 8, what is -52 - -102?
30
In base 13, what is 99 + a?
a6
In base 16, what is 7 + 31?
38
In base 2, what is 1001 + -1000101011?
-1000100010
In base 16, what is 2 + -c?
-a
In base 5, what is 31 - -3102?
3133
In base 14, what is 1b + 15?
32
In base 7, what is -1 + 1304?
1303
In base 14, what is -3 + -14?
-17
In base 7, what is 1233 + 4?
1240
In base 11, what is 18 + 6?
23
In base 4, what is -13 - 1231?
-1310
In base 9, what is -310 + 14?
-285
In base 2, what is 10001 - 11010?
-1001
In base 15, what is 82c - 2?
82a
In base 6, what is 4 + -1201?
-1153
In base 8, what is 0 - -113?
113
In base 2, what is 11000011010 + -10?
11000011000
In base 11, what is 4 + -89a?
-896
In base 11, what is -5 + -108?
-112
In base 8, what is 73 - 27?
44
In base 10, what is -5 - 102?
-107
In base 16, what is 63 + -8?
5b
In base 15, what is -2a + -6?
-31
In base 9, what is -13 - -3?
-10
In base 16, what is 1b0 + 1?
1b1
In base 16, what is -3 + 1d9?
1d6
In base 11, what is 5 - -41?
46
In base 13, what is 6a - c0?
-53
In base 16, what is -26d + -c?
-279
In base 13, what is -127 + -9?
-133
In base 7, what is 1340 + 5?
1345
In base 3, what is 10 + 10?
20
In base 2, what is 10 + 101010?
101100
In base 11, what is -379 - -4?
-375
In base 4, what is -11 + 123?
112
In base 16, what is -9 - 1b?
-24
In base 8, what is -505 - -5?
-500
In base 4, what is -1132 - 203?
-2001
In base 2, what is 11 + 111001000?
111001011
In base 8, what is 40215 + 5?
40222
In base 5, what is -102 + 41?
-11
In base 4, what is 213210 - 1?
213203
In base 14, what is -8b - -2?
-89
In base 6, what is -511 - 40?
-551
In base 10, what is -1075 - 1?
-1076
In base 13, what is 2 + 20?
22
In base 4, what is -23 - 20231?
-20320
In base 12, what is 32 - 20?
12
In base 5, what is 134 - -213?
402
In base 16, what is 5 + 9c?
a1
In base 16, what is 9 - -4b?
54
In base 13, what is -1a2 - -4?
-19b
In base 4, what is 23 - 20?
3
In base 2, what is -1010011 + 10?
-1010001
In base 11, what is 5 + -a6?
-a1
In base 12, what is 255 - 5?
250
In base 5, what is 12202 + 24?
12231
In base 16, what is -436 + -2?
-438
In base 5, what is -11 + -12141?
-12202
In base 10, what is 8 - 7?
1
In base 11, what is -176 - 3?
-179
In base 4, what is -11 - -2?
-3
In base 14, what is -191 - -2?
-18d
In base 5, what is 0 + 124?
124
In base 4, what is 13 + -2011?
-1332
In base 14, what is -2 - -665?
663
In base 16, what is -411 - -4?
-40d
In base 14, what is -1 + -58?
-59
In base 6, what is 5 + -54?
-45
In base 7, what is -310 - 4?
-314
In base 13, what is -4 - -16?
12
In base 12, what is 36 - 95?
-5b
In base 3, what is 2020212211 - -12?
2020220000
In base 13, what is 3 + -477?
-474
In base 14, what is 3 - -5?
8
In base 7, what is 326 + 421?
1050
In base 6, what is 100 + 5?
105
In base 9, what is 7 + -2?
5
In base 15, what is -14 - 1b5?
-1c9
In base 5, what is -1102 - 2?
-1104
In base 7, what is 40 - -12?
52
In base 4, what is 23 - -32121?
32210
In base 14, what is -b + -1c?
-29
In base 5, what is -1 - 13022?
-13023
In base 8, what is 6465 + 1?
6466
In base 11, what is 1297 + -3?
1294
In base 5, what is -11021 - -4?
-11012
In base 5, what is 2 - 1234?
-1232
In base 10, what is 22 - -768?
790
In base 3, what is -200 + -2010?
-2210
In base 16, what is -1c9 + 2?
-1c7
In base 6, what is -4234 + 5?
-4225
In base 15, what is 6 + -979?
-973
In base 5, what is -2 + 101240?
101233
In base 16, what is -24 - 3?
-27
In base 5, what is 13 + -4114?
-4101
In base 16, what is -1 + 3?
2
In base 7, what is 26660 + 1?
26661
In base 5, what is -141 + 1012?
321
In base 4, what is -3200 - 11?
-3211
In base 5, what is -3421 - 10?
-3431
In base 12, what is 1 - -207?
208
In base 4, what is -112 + 11?
-101
In base 2, what is -1111 + -11101011?
-11111010
In base 2, what is -1001000 + 10011?
-110101
In base 8, what is -14 - -217?
203
In base 10, what is -485 + -23?
-508
In base 7, what is 231 - -3?
234
In base 14, what is 9cb6 - 0?
9cb6
In base 15, what is -15 - -3a4?
38e
In base 15, what is -100 + e?
-e1
In base 16, what is a + 2f?
39
In base 16, what is 2 + 1d1?
1d3
In base 8, what is 5 + -1755?
-1750
In base 6, what is -4 + 12?
4
In base 7, what is -465 - 23?
-521
In base 2, what is 110110000 - -10?
110110010
In base 9, what is -282 + 2?
-280
In base 7, what is -1034 - 6?
-1043
In base 13, what is 0 + 992?
992
In base 15, what is -36 + 58?
22
In base 10, what is 1946 + 2?
1948
In base 9, what is -5 - 43?
-48
In base 7, what is -12033 + 5?
-12025
In base 2, what is -111000110 + -11?
-111001001
In base 2, what is 1 + 1?
10
In base 8, what is -56 - -1?
-55
In base 4, what is -2311 - -1?
-2310
In base 4, what is 112 + 23?
201
In base 16, what is -16 - 14?
-2a
In base 8, what is -642 + -1?
-643
In base 7, what is -16 - -13?
-3
In base 14, what is 19 + -3?
16
In base 5, what is 10 - 12031?
-12021
In base 10, what is -60 - 23?
-83
In base 12, what is 254 - -3?
257
In base 8, what is -1 + -66?
-67
In base 10, what is 1371 + -22?
1349
In base 5, what is -4 - 240?
-244
In base 3, what is 122 + 1?
200
In base 6, what is 1133 + 4?
1141
In base 4, what is 11 + 1021?
1032
In base 4, what is -12 - 132?
-210
In base 12, what is 443 - -7?
44a
In base 16, what is -1b - -9?
-12
In base 5, what is 11 + -1033?
-1022
In base 7, what is 30 + -34?
-4
In base 9, what is 1 + -776?
-775
In base 14, what is -4 - b7?
-bb
In base 9, what is -3 + 256?
253
In base 8, what is 3 + 34?
37
In base 16, what is -32 - -8?
-2a
In base 12, what is 5 - -76?
7b
In base 3, what is -1001 - 101021?
-102022
In base 5, what is -1013 + -4?
-1022
In base 3, what is 102111 + -1?
102110
In base 7, what is 2 + -10?
-5
In base 13, what is 90 - 3?
8a
In base 16, what is -3cab - -5?
-3ca6
In base 12, what is -3 - 2?
-5
In base 8, what is -1 + -2742?
-2743
In base 7, what is -655 - 12?
-1000
In base 11, what is 14 + 8?
21
In base 8, what is -1 - -4?
3
In base 5, what is 4 + -202?
-143
In base 14, what is 9 + a8?
b3
In base 14, what is -3 - -97?
94
In base 9, what is -588 + 7?
-581
In base 3, what is 12 + -212122?
-212110
In base 8, what is 2 + 3?
5
In base 10, what is 388 - 1?
387
In base 16, what is 16 - 3?
13
In base 11, what is 31 - 9?
23
In base 7, what is -323 + 14?
-306
In base 6, what is -51 - -112?
21
In base 15, what is -4 - -37?
33
In base 3, what is -1202 + -21?
-2000
In base 2, what is 10101001100 - -101?
10101010001
In base 6, what is -45 + 3?
-42
In base 2, what is -11100011 - -1101?
-11010110
In base 13, what is a - -c?
19
In base 6, what is -1 + -125?
-130
In base 6, what is -54543 + 2?
-54541
In base 15, what is -2 - -4?
2
In base 14, what is 1b + bc?
d9
In base 12, what is -1308 - -4?
-1304
In base 3, what is -1 + 20011?
20010
In base 15, what is -4 + 30?
2b
In base 4, what is 113 + 103?
222
In base 10, what is 8 + 804?
812
In base 2, what is -1100010110 - -1?
-1100010101